{"id":194,"date":"2023-12-23T12:21:18","date_gmt":"2023-12-23T17:21:18","guid":{"rendered":"https:\/\/catastro.6te.net\/?page_id=194"},"modified":"2025-01-21T20:19:20","modified_gmt":"2025-01-22T01:19:20","slug":"verificador-catastral","status":"publish","type":"page","link":"https:\/\/catastro.6te.net\/index.php\/verificador-catastral\/","title":{"rendered":"Verificador Catastral"},"content":{"rendered":"<p>El Verificador Catastral es el profesional (Arquitecto, Ingeniero Ge\u00f3grafo, Ingeniero Agr\u00edcola, Ingeniero Agr\u00f3nomo, Ingeniero Civil, Ingeniero Forestal, Agrimensor, Top\u00f3grafos), que se encarga de regularizar las Declaratorias de Edificaciones en el marco de la Ley 27157, y de incorporar informaci\u00f3n al sistema de catastro en el marco de la Ley 28294.<\/p>\n<p>Dentro de sus funciones principales se encuentran las de realizar el levantamiento catastral de predios ubicados en Zona no Catastrada, gestionar la asignaci\u00f3n del C\u00f3digo \u00danico Catastral, elaborar y suscribir planos, memoria descriptiva y otros documentos como producto del levantamiento catastral, la misma que debe guardar concordancia con la realidad f\u00edsica.<\/p>\n<p>Si deseas encontrar informaci\u00f3n referencial sobre los verificadores registrados en las distintas zonas registrales, organizados por nombres y apellidos, ubicaci\u00f3n geogr\u00e1fica, estado (activo o inactivo), tipo de verificador y profesi\u00f3n; puedes hacerlo de manera gratuita a trav\u00e9s de esta herramienta.<\/p>\n<p>La Sunarp cuenta con verificadores, quienes son profesionales de las carreras de ingenier\u00eda o arquitectura, empadronados por la instituci\u00f3n y responsables de revisar y presentar el tr\u00e1mite de regularizaci\u00f3n de cualquier edificaci\u00f3n (casa, edificio, departamento, oficina, f\u00e1brica, entre otros), como se establece en la Ley N\u00b0 27157.<\/p>\n<p>Antes de iniciar, debes saber:<br \/>\nPara realizar la consulta, debes elegir la <strong><a href=\"https:\/\/catastro.6te.net\/index.php\/catastro\/verificador\/zonas-registrales\/\" target=\"_blank\" rel=\"noopener\">zona registral<\/a><\/strong> de tu inter\u00e9s.<\/p>\n<ul>\n<li>Consulta de Verificadores Inscritos en la SUNARP: <strong><a href=\"https:\/\/www.sunarp.gob.pe\/ConsultaVerificadores\/ConsultaVerificadores\" target=\"_blank\" rel=\"noopener\">Consultar Aqu\u00ed..<\/a><\/strong><\/li>\n<li>Consulta en el \u00cdndice Nacional de Verificadores: <a href=\"https:\/\/www.sunarp.gob.pe\/ConsultaVerificadores\/IndiceVerificadores\" target=\"_blank\" rel=\"noopener\"><strong>Consultar Aqu\u00ed..<\/strong><\/a><\/li>\n<\/ul>\n","protected":false},"excerpt":{"rendered":"<p>El Verificador Catastral es el profesional (Arquitecto, Ingeniero Ge\u00f3grafo, Ingeniero Agr\u00edcola, Ingeniero Agr\u00f3nomo, Ingeniero Civil, Ingeniero Forestal, Agrimensor, Top\u00f3grafos), que se encarga de regularizar las Declaratorias de Edificaciones en el marco de la Ley 27157, y de incorporar informaci\u00f3n al sistema de catastro en el marco de la Ley 28294. Dentro de sus funciones principales &hellip;<\/p>\n<p class=\"read-more\"> <a class=\"\" href=\"https:\/\/catastro.6te.net\/index.php\/verificador-catastral\/\"> <span class=\"screen-reader-text\">Verificador Catastral<\/span> Read More &raquo;<\/a><\/p>\n","protected":false},"author":1,"featured_media":0,"parent":0,"menu_order":0,"comment_status":"closed","ping_status":"closed","template":"","meta":{"site-sidebar-layout":"default","site-content-layout":"","ast-site-content-layout":"default","site-content-style":"default","site-sidebar-style":"default","ast-global-header-display":"","ast-banner-title-visibility":"","ast-main-header-display":"","ast-hfb-above-header-display":"","ast-hfb-below-header-display":"","ast-hfb-mobile-header-display":"","site-post-title":"","ast-breadcrumbs-content":"","ast-featured-img":"","footer-sml-layout":"","theme-transparent-header-meta":"default","adv-header-id-meta":"","stick-header-meta":"","header-above-stick-meta":"","header-main-stick-meta":"","header-below-stick-meta":"","astra-migrate-meta-layouts":"set","ast-page-background-enabled":"default","ast-page-background-meta":{"desktop":{"background-color":"var(--ast-global-color-4)","background-image":"","background-repeat":"repeat","background-position":"center center","background-size":"auto","background-attachment":"scroll","background-type":"","background-media":"","overlay-type":"","overlay-color":"","overlay-gradient":""},"tablet":{"background-color":"","background-image":"","background-repeat":"repeat","background-position":"center center","background-size":"auto","background-attachment":"scroll","background-type":"","background-media":"","overlay-type":"","overlay-color":"","overlay-gradient":""},"mobile":{"background-color":"","background-image":"","background-repeat":"repeat","background-position":"center center","background-size":"auto","background-attachment":"scroll","background-type":"","background-media":"","overlay-type":"","overlay-color":"","overlay-gradient":""}},"ast-content-background-meta":{"desktop":{"background-color":"var(--ast-global-color-5)","background-image":"","background-repeat":"repeat","background-position":"center center","background-size":"auto","background-attachment":"scroll","background-type":"","background-media":"","overlay-type":"","overlay-color":"","overlay-gradient":""},"tablet":{"background-color":"var(--ast-global-color-5)","background-image":"","background-repeat":"repeat","background-position":"center center","background-size":"auto","background-attachment":"scroll","background-type":"","background-media":"","overlay-type":"","overlay-color":"","overlay-gradient":""},"mobile":{"background-color":"var(--ast-global-color-5)","background-image":"","background-repeat":"repeat","background-position":"center center","background-size":"auto","background-attachment":"scroll","background-type":"","background-media":"","overlay-type":"","overlay-color":"","overlay-gradient":""}},"footnotes":"","_joinchat":[]},"_links":{"self":[{"href":"https:\/\/catastro.6te.net\/index.php\/wp-json\/wp\/v2\/pages\/194"}],"collection":[{"href":"https:\/\/catastro.6te.net\/index.php\/wp-json\/wp\/v2\/pages"}],"about":[{"href":"https:\/\/catastro.6te.net\/index.php\/wp-json\/wp\/v2\/types\/page"}],"author":[{"embeddable":true,"href":"https:\/\/catastro.6te.net\/index.php\/wp-json\/wp\/v2\/users\/1"}],"replies":[{"embeddable":true,"href":"https:\/\/catastro.6te.net\/index.php\/wp-json\/wp\/v2\/comments?post=194"}],"version-history":[{"count":4,"href":"https:\/\/catastro.6te.net\/index.php\/wp-json\/wp\/v2\/pages\/194\/revisions"}],"predecessor-version":[{"id":1427,"href":"https:\/\/catastro.6te.net\/index.php\/wp-json\/wp\/v2\/pages\/194\/revisions\/1427"}],"wp:attachment":[{"href":"https:\/\/catastro.6te.net\/index.php\/wp-json\/wp\/v2\/media?parent=194"}],"curies":[{"name":"wp","href":"https:\/\/api.w.org\/{rel}","templated":true}]}}