{"id":196,"date":"2023-12-23T12:31:33","date_gmt":"2023-12-23T17:31:33","guid":{"rendered":"https:\/\/catastro.6te.net\/?page_id=196"},"modified":"2025-01-21T20:20:21","modified_gmt":"2025-01-22T01:20:21","slug":"verificador-comun","status":"publish","type":"page","link":"https:\/\/catastro.6te.net\/index.php\/verificador-comun\/","title":{"rendered":"Verificador Com\u00fan"},"content":{"rendered":"<p>\u00bfQu\u00e9 es un verificador com\u00fan?<\/p>\n<p>Es el profesional ingeniero o arquitecto autorizado y empadronado por la Sunarp para revisar y presentar el tr\u00e1mite de regularizaci\u00f3n de cualquier edificaci\u00f3n (casa, edificio, departamento, oficina, f\u00e1brica, etc.)seg\u00fan la Ley 27157.<br \/>\nEs el profesional que confirma si la edificaci\u00f3n cumple con el Reglamento Nacional de Edificaciones, los Par\u00e1metros Urban\u00edsticos y dem\u00e1s aspectos t\u00e9cnicos que permitan su presentaci\u00f3n a la Sunarp seg\u00fan la Ley 27157.<br \/>\nEs quien dar\u00e1 fe de lo anterior bajo su responsabilidad, es decir que es responsable ante la ley. De all\u00ed su especial valor.<br \/>\nEs quien firma los Planos T\u00e9cnicos, Memorias y tambi\u00e9n los Formularios junto al propietario.<\/p>\n<p>Con la implementaci\u00f3n de la Consulta de Verificadores, la Sunarp contin\u00faa con la modernizaci\u00f3n integral de sus procesos, a fin de asegurar la mejor calidad en la prestaci\u00f3n de sus servicios a la ciudadan\u00eda.<\/p>\n<p>Comprende, de ser el caso, el tr\u00e1mite de saneamiento de titulaci\u00f3n y su inscripci\u00f3n, as\u00ed como la inscripci\u00f3n del reglamento interno, la junta de propietarios y la independizaci\u00f3n de unidades de propiedad exclusiva.<\/p>\n<p>El verificador com\u00fan es privado, cuando ejerce su funci\u00f3n como profesional independiente en forma personal y directa.<\/p>\n<p>El verificador com\u00fan es p\u00fablico, cuando hace consultor\u00edas, como empleado o contratista de alguna instituci\u00f3n p\u00fablica, en donde realice alg\u00fan tr\u00e1mite de regularizaci\u00f3n.<\/p>\n<p>Si deseas encontrar informaci\u00f3n referencial sobre los verificadores registrados en las distintas zonas registrales, organizados por nombres y apellidos, ubicaci\u00f3n geogr\u00e1fica, estado (activo o inactivo), tipo de verificador y profesi\u00f3n; puedes hacerlo de manera gratuita a trav\u00e9s de esta herramienta.<\/p>\n<p>La Sunarp cuenta con verificadores, quienes son profesionales de las carreras de ingenier\u00eda o arquitectura, empadronados por la instituci\u00f3n y responsables de revisar y presentar el tr\u00e1mite de regularizaci\u00f3n de cualquier edificaci\u00f3n (casa, edificio, departamento, oficina, f\u00e1brica, entre otros), como se establece en la Ley N\u00b0 27157.<\/p>\n<p>Antes de iniciar, debes saber:<br \/>\nPara realizar la consulta, debes elegir la <a href=\"https:\/\/catastro.6te.net\/index.php\/catastro\/verificador\/zonas-registrales\/\" target=\"_blank\" rel=\"noopener\"><strong>zona registral<\/strong><\/a> de tu inter\u00e9s.<\/p>\n<ul>\n<li>Consulta de Verificadores Inscritos en la SUNARP: <strong><a href=\"https:\/\/www.sunarp.gob.pe\/ConsultaVerificadores\/ConsultaVerificadores\" target=\"_blank\" rel=\"noopener\">Consultar Aqu\u00ed..<\/a><\/strong><\/li>\n<li>Consulta en el \u00cdndice Nacional de Verificadores: <a href=\"https:\/\/www.sunarp.gob.pe\/ConsultaVerificadores\/IndiceVerificadores\" target=\"_blank\" rel=\"noopener\"><strong>Consultar Aqu\u00ed..<\/strong><\/a><\/li>\n<\/ul>\n","protected":false},"excerpt":{"rendered":"<p>\u00bfQu\u00e9 es un verificador com\u00fan? Es el profesional ingeniero o arquitecto autorizado y empadronado por la Sunarp para revisar y presentar el tr\u00e1mite de regularizaci\u00f3n de cualquier edificaci\u00f3n (casa, edificio, departamento, oficina, f\u00e1brica, etc.)seg\u00fan la Ley 27157. Es el profesional que confirma si la edificaci\u00f3n cumple con el Reglamento Nacional de Edificaciones, los Par\u00e1metros Urban\u00edsticos &hellip;<\/p>\n<p class=\"read-more\"> <a class=\"\" href=\"https:\/\/catastro.6te.net\/index.php\/verificador-comun\/\"> <span class=\"screen-reader-text\">Verificador Com\u00fan<\/span> Read More &raquo;<\/a><\/p>\n","protected":false},"author":1,"featured_media":0,"parent":0,"menu_order":0,"comment_status":"closed","ping_status":"closed","template":"","meta":{"site-sidebar-layout":"default","site-content-layout":"","ast-site-content-layout":"default","site-content-style":"default","site-sidebar-style":"default","ast-global-header-display":"","ast-banner-title-visibility":"","ast-main-header-display":"","ast-hfb-above-header-display":"","ast-hfb-below-header-display":"","ast-hfb-mobile-header-display":"","site-post-title":"","ast-breadcrumbs-content":"","ast-featured-img":"","footer-sml-layout":"","theme-transparent-header-meta":"default","adv-header-id-meta":"","stick-header-meta":"","header-above-stick-meta":"","header-main-stick-meta":"","header-below-stick-meta":"","astra-migrate-meta-layouts":"set","ast-page-background-enabled":"default","ast-page-background-meta":{"desktop":{"background-color":"var(--ast-global-color-4)","background-image":"","background-repeat":"repeat","background-position":"center center","background-size":"auto","background-attachment":"scroll","background-type":"","background-media":"","overlay-type":"","overlay-color":"","overlay-gradient":""},"tablet":{"background-color":"","background-image":"","background-repeat":"repeat","background-position":"center center","background-size":"auto","background-attachment":"scroll","background-type":"","background-media":"","overlay-type":"","overlay-color":"","overlay-gradient":""},"mobile":{"background-color":"","background-image":"","background-repeat":"repeat","background-position":"center center","background-size":"auto","background-attachment":"scroll","background-type":"","background-media":"","overlay-type":"","overlay-color":"","overlay-gradient":""}},"ast-content-background-meta":{"desktop":{"background-color":"var(--ast-global-color-5)","background-image":"","background-repeat":"repeat","background-position":"center center","background-size":"auto","background-attachment":"scroll","background-type":"","background-media":"","overlay-type":"","overlay-color":"","overlay-gradient":""},"tablet":{"background-color":"var(--ast-global-color-5)","background-image":"","background-repeat":"repeat","background-position":"center center","background-size":"auto","background-attachment":"scroll","background-type":"","background-media":"","overlay-type":"","overlay-color":"","overlay-gradient":""},"mobile":{"background-color":"var(--ast-global-color-5)","background-image":"","background-repeat":"repeat","background-position":"center center","background-size":"auto","background-attachment":"scroll","background-type":"","background-media":"","overlay-type":"","overlay-color":"","overlay-gradient":""}},"footnotes":"","_joinchat":[]},"_links":{"self":[{"href":"https:\/\/catastro.6te.net\/index.php\/wp-json\/wp\/v2\/pages\/196"}],"collection":[{"href":"https:\/\/catastro.6te.net\/index.php\/wp-json\/wp\/v2\/pages"}],"about":[{"href":"https:\/\/catastro.6te.net\/index.php\/wp-json\/wp\/v2\/types\/page"}],"author":[{"embeddable":true,"href":"https:\/\/catastro.6te.net\/index.php\/wp-json\/wp\/v2\/users\/1"}],"replies":[{"embeddable":true,"href":"https:\/\/catastro.6te.net\/index.php\/wp-json\/wp\/v2\/comments?post=196"}],"version-history":[{"count":4,"href":"https:\/\/catastro.6te.net\/index.php\/wp-json\/wp\/v2\/pages\/196\/revisions"}],"predecessor-version":[{"id":1428,"href":"https:\/\/catastro.6te.net\/index.php\/wp-json\/wp\/v2\/pages\/196\/revisions\/1428"}],"wp:attachment":[{"href":"https:\/\/catastro.6te.net\/index.php\/wp-json\/wp\/v2\/media?parent=196"}],"curies":[{"name":"wp","href":"https:\/\/api.w.org\/{rel}","templated":true}]}}